)/(-6))*12*-1. Let m be (0 + 6)/1*n/(-21). Let g be 13/1 + (-1 - -2). What is the highest common factor of m and g?
14
Suppose 1263 = z - 4*t + 406, 4*z = -2*t + 3482. What is the highest common divisor of z and 44?
11
Suppose 33*y - 31*y = 2*l - 46, 5*l + y - 121 = 0. What is the highest common factor of 972 and l?
12
Let o(p) = 2278 - 2278 - 4*p. Let s be o(-13). What is the highest common divisor of 13 and s?
13
Suppose -12*o + 8*o + 100 = 0. Suppose -3*n = -2*h - 34, -17 - o = -4*n + 2*h. Calculate the greatest common divisor of n and 32.
8
Suppose -146 = -5*z + 4. Let t be (8/(-16))/(1/(-6)). What is the highest common divisor of z and t?
3
Let c be -7*3/(-42)*-20. Let h(d) = -2*d**2 - 21*d + 23. Let k be h(c). What is the highest common divisor of 44 and k?
11
Let h be (-60)/(-33) - 2/(-11). What is the greatest common factor of h and 2?
2
Let n be 6/(-27) + (-274)/(-18). Let z be (-5)/n - 1156/(-12). What is the highest common factor of 24 and z?
24
Let f(k) = -k**2 + 19*k - 17. Let x be f(17). Let b = 20 - x. Suppose z = 3*d - 5 - 1, -b*z - 2*d + 26 = 0. Calculate the highest common divisor of z and 12.
6
Let y be (-1)/3 - 1430/(-33). Calculate the greatest common divisor of 129 and y.
43
Let g(o) = -o**2 + 8*o + 8. Let b be g(7). Suppose -4*x = -3*p + 2*p - 39, -42 = -4*x - 2*p. What is the highest common factor of b and x?
5
Suppose -c - 29 = -56. What is the greatest common factor of c and 18?
9
Suppose 5*d = 96 + 9. Suppose 24*c - 180 = 19*c. Let s = c - 15. Calculate the greatest common divisor of s and d.
21
Let g(q) = 2*q**2 - 6*q**2 - 3*q**2 + 11*q - 6 - 6*q**3 + 7*q**3. Let f be g(6). What is the highest common divisor of f and 16?
8
Suppose 3*d = 5*p - 443 - 255, -4*p = -3*d - 556. Calculate the greatest common divisor of p and 355.
71
Let n = -12 + 19. Suppose n*b = 9*b - 48. What is the greatest common divisor of 72 and b?
24
Suppose p + 332 = 3*a, -10*a + 6*a + 460 = 3*p. Let h be (15 + -1)/(1/20). Calculate the highest common divisor of a and h.
56
Let u(v) = 4*v**2 - 7 - 9*v + v**2 - 6*v**2 + 2*v**2. Let h be u(-6). Suppose 3*q - 275 = -h. What is the greatest common factor of q and 16?
16
Let p be (-1 - (6 - 8)) + 6. What is the highest common divisor of 413 and p?
7
Let p be (-2 + -2 + 217)*(29 + -28). What is the highest common factor of 923 and p?
71
Let m(r) = -12*r**3 + 7*r**2 + 2*r + 1. Let z be m(-2). Let h(p) = -p + 5. Let y be h(0). Suppose y*s - 72 = -17. What is the highest common divisor of s and z?
11
Let q = -2 - -19. Suppose 114*m - 7333 = 10029 - 1858. Calculate the highest common factor of m and q.
17
Suppose 2*h = 563 + 123. Suppose f + h = 3*d - 48, 3*f + 1188 = 4*d. Let t = -270 - f. What is the greatest common factor of t and 26?
26
Let o = 6 + 13. Suppose -3*w - o = 2. Let n(k) = -k + 1. Let i be n(w). What is the greatest common divisor of i and 72?
8
Suppose -36*c - 46980 = -66*c. Calculate the highest common divisor of 29 and c.
29
Suppose 70*m + 920 = 80*m. What is the greatest common divisor of m and 115?
23
Let o(r) = 2*r**2 + 34*r - 331. Let a be o(-24). Let c = -69 - -149. What is the greatest common factor of a and c?
5
Let r(t) = t**3 + 7*t**2 + 5*t - 2. Let j be r(-6). Let g be 2358/117 - (-3)/(39/(-2)). Let d = g - 0. Calculate the highest common factor of j and d.
4
Suppose 3*k + 21 = 2*x + 76, -k - 4*x + 9 = 0. Suppose 2*m - k = -7. Let g(b) = b**2 - 3*b + 3. Let f be g(m). Calculate the highest common factor of f and 117.
13
Let f(g) = -g**3 - 9*g**2 + 3. Let n be f(-9). Suppose -2 = a + n. Let t be (-329)/(-3) + a/(-15). What is the greatest common factor of t and 22?
22
Let w be ((-1)/(-1) - -2)*4. Let t = -2086 + 2104. What is the highest common divisor of t and w?
6
Let u = 14 - -389. Calculate the greatest common factor of 26 and u.
13
Let g(k) = -30*k - 4. Let u be g(2). Let n = 281 + u. Let i = 492 - n. Calculate the greatest common divisor of 25 and i.
25
Let f be 242/22 - ((-15)/(-3) - -1). Let v(u) = u**2 + 2*u - 2. Let x be v(-3). Let w be (-1 + (3 - x))*1. What is the highest common divisor of f and w?
1
Let r be ((-4)/(-8))/1*6. Suppose -4*u = r*a - 336, -4*a + 224 = -2*a + u. Let f = 45 - 31. What is the highest common factor of a and f?
14
Suppose -2*g + 137 = 4*l + 19, -3*g + 69 = 2*l. Let z be (-542)/(-10) - (-2)/(-10). What is the highest common divisor of z and l?
27
Suppose -3*x + 197 = -211. Calculate the highest common divisor of 17 and x.
17
Let k be ((-1)/3)/((-3)/99). Suppose -5*h - 35 = -50. Suppose 16 = h*a - 17. What is the greatest common divisor of a and k?
11
Let v(s) = 3*s + 3. Let u be v(3). Suppose 128 = 4*n - 12. Let l = n - 32. What is the highest common divisor of l and u?
3
Let u be 1/(-2)*(2 - 2). Suppose -5*o + 17 + 103 = u. Suppose -2*x - 5*j = -3*x - 3, 2*x + j = 27. What is the highest common factor of o and x?
12
Let s(m) = m**2 - 16*m + 13. Let d be s(16). Suppose 16*j - 21 = d*j. What is the highest common factor of j and 56?
7
Let j = 387 + -180. Calculate the greatest common divisor of 138 and j.
69
Let r be (2/10 - 4/(-5))*0. Suppose -10*u + 402 + 228 = r. Calculate the greatest common factor of u and 9.
9
Let b = 19 + -30. Let n = 12 + b. Calculate the highest common divisor of 1 and n.
1
Let r be (-456)/(-380)*(-230)/(-4). What is the greatest common factor of 552 and r?
69
Let x(q) = 10*q - 37. Let k = 126 - 122. Let r be x(k). What is the greatest common divisor of r and 3?
3
Let s be (-33)/3 + (-3 - -7). Let x be (s/5 - 1)*(-220)/44. What is the greatest common divisor of x and 108?
12
Let m be (-18)/4*(-4)/6. Suppose 3 + 3 = m*a. What is the greatest common divisor of a and 16?
2
Suppose 0 = -3*o + 3*a - 12, 0 = -2*o - 2*a + 1 + 3. Let q be 4 + (-6)/6 + (-43)/o. Calculate the highest common factor of 69 and q.
23
Let m = 1593 - 1208. Calculate the greatest common factor of m and 70.
35
Let s = 11 - -9. Suppose 0 = 8*u - 3*u - s. Calculate the greatest common divisor of u and 1.
1
Let v = -32 - -35. Suppose 2*y = 4*z - v*z - 8, 2*y = -6. Suppose 70 = 4*w - d - 50, 5*d + 60 = z*w. What is the greatest common factor of 12 and w?
6
Let m = 882 - 871. What is the greatest common factor of m and 55?
11
Suppose 24 = b - 5*b. Let s = 6 - b. Suppose 0 = 4*y - 24 + s. Calculate the highest common factor of y and 12.
3
Let l(b) = -4*b**2 - b + 7. Let r be l(-2). Let u = r - -52. What is the highest common factor of u and 9?
9
Let f be (-3 + (-711)/12)/((-26)/104). What is the highest common divisor of 83 and f?
83
Let r(y) = -5 - 12*y - y**3 + 2*y**2 + 9 + 6*y**2. Let o be r(4). Calculate the highest common factor of o and 4.
4
Let a(o) = -o**2 + 12*o + 19. Let h be a(7). What is the highest common factor of 3 and h?
3
Suppose -8*z + 4*z - 2*f = -340, -4*z + 344 = 4*f. Let r be (14 + 1 - 3) + 0. Calculate the greatest common factor of z and r.
12
Let l be 259 + 21/(14/(-2)). Calculate the highest common divisor of 16 and l.
16
Let z = -211 + 220. Suppose -2*r + m - 6*m + 59 = 0, -m = 4*r - 109. Calculate the highest common factor of r and z.
9
Let w = 50 - 28. What is the highest common factor of w and 22?
22
Let a = 1123 - 663. Calculate the highest common factor of a and 180.
20
Let i(g) = 153*g + 546. Let h be i(16). Calculate the greatest common factor of h and 6.
6
Let f(i) = i**3 - 8*i**2 + 15*i + 10. Suppose -10*m + 85 = 7*m. Let l be f(m). Calculate the highest common factor of l and 70.
10
Let l(k) = 5 + 1 + 10*k - 21 + 23*k. Let i be l(1). Let v = -27 - -45. What is the greatest common factor of i and v?
18
Let o(y) = 4*y - 41 - 10 + 14. Let c be o(10). Calculate the highest common factor of 24 and c.
3
Let n be (-10)/35 - (-424)/14. Let b = 213 + n. Calculate the highest common divisor of b and 27.
27
Suppose 4*q = 16, -5*c = -6*c + 3*q - 2. Calculate the greatest common divisor of 2 and c.
2
Let m be 2/4 + 642/4. Suppose -w - 2*w = -171. Suppose -2*q = 3*r - 58, -w = q - 4*q + 3*r. Calculate the greatest common factor of m and q.
23
Let g = -760 - -1540. What is the highest common divisor of g and 60?
60
Let r be 2/(-4) - (-82)/4. Suppose 201*g = 206*g - 5*k - 370, 0 = 2*g + 5*k - 120. What is the highest common factor of r and g?
10
Let z(i) = i**3 + 11*i**2 - 55*i - 28. Let n be z(-14). Calculate the greatest common divis